 + 1. Let d(z) = 6*z**3 + 6*z**2 + 11*z - 6. Let s(c) = 2*d(c) + 11*i(c). Suppose 0 = 3*m + 17 + 4. Let b = m + 6. Calculate s(b).
-1
Let x = -8 - -7. Let w be (2/(4/(-2)))/x. Let q be w*(-2 + 2) + 4. Let f(r) = -r**3 + 3*r**2 + 6*r - 6. Give f(q).
2
Suppose 0 = -28*j + 26*j + d - 21, 0 = 4*j + d + 39. Let z(h) = h**2 + 10*h - 1. Give z(j).
-1
Let b(a) = 3*a**2. Let l(g) = -11*g**2 + 5*g + 5. Let w(h) = 4*b(h) + l(h). Determine w(-5).
5
Let p(g) be the third derivative of -g**4/24 - g**3/2 + 20*g**2 - 2. Suppose 5*y = 25, y = -2*b - 3*y + 4. Let f = b + 11. Give p(f).
-6
Suppose 0*u = 5*u - 20. Suppose 4*q - u = -0*q. Let s(x) = -2 + 7*x + q - 6*x**2 - 2*x**2 + x**3. Calculate s(7).
-1
Let w(i) = 4*i**2 + 5*i - 1. Let y(s) = 5*s**2 + 5*s - 1. Let a(o) = -4*w(o) + 3*y(o). Let h = -325 + 319. Calculate a(h).
-5
Let f(i) = -i + 11. Let l(c) = -2*c + 23. Let z(w) = 5*f(w) - 2*l(w). Suppose 0 = v - 9 - 2. Let o(g) = -g + 17. Let u(p) = v*z(p) - 6*o(p). What is u(-2)?
7
Let c(j) = -363*j**3 + 3*j - 3 - 2*j - 4*j + 364*j**3. Determine c(-2).
-5
Let k(x) = -x**2 + 8*x + 2. Let j be 0 + 3 + (-99)/(-33). Calculate k(j).
14
Let u(z) = -z**2 - 3*z + 92. Let l be u(-11). Let o(h) = 2*h**2 - 7*h + 9. What is o(l)?
13
Let w(p) = -p**2 - 8*p + 19. Suppose 0 = 4*q + 2*a + 36, 28*a - 27*a + 38 = -4*q. Calculate w(q).
-1
Let q(i) = 5*i**3 - 2*i**3 - i + 4*i + 3*i**2 + 8*i**3 - 10*i**3. Let c = 4 + -6. Give q(c).
-2
Let x(b) = b**2 + 22*b + 25. Suppose -558 = -k - 579. Determine x(k).
4
Let p(r) be the third derivative of 5*r**4/12 + r**3/3 + 52*r**2. Determine p(-1).
-8
Let h(b) = -3*b**2 - 4 - 10033*b + 5014*b + 5020*b - b**3. Determine h(-5).
41
Let u(j) = -j**2 - 3*j + 3. Let p = -172 + 175. Suppose 4*m = -8, -2*w + 0*m = p*m. Determine u(w).
-15
Let v(h) be the first derivative of -2*h**3/3 + 5*h**2/2 - 4*h + 50. Calculate v(3).
-7
Let t(h) = -h**3 - 5*h**2 - 4*h. Let z be (4 - 1/(-2)*-2) + 6. Suppose 12 = 3*x + 51. Let p = z + x. Determine t(p).
0
Let i(z) = z - 10. Let j(c) = 5*c - 52. Let r be j(13). Give i(r).
3
Let b(r) = -r**3 - 21*r**2 + r + 16. Suppose -o + 19 = 5*h + 35, 3*h + 39 = -2*o. What is b(o)?
-5
Let l be ((-3)/2)/((-6)/56). Let d(m) = m - 9. Calculate d(l).
5
Let r(w) be the third derivative of -w**6/120 + 7*w**5/60 + 5*w**4/12 - w**3/2 - 2*w**2 + 8*w. Determine r(8).
13
Let k(h) = -h**2 - 8*h - 13. Suppose 5*f - n = -39, -5*f - 5*n + 7 = 22. Determine k(f).
-6
Let f(x) = -35*x**2 + x. Let u(y) = 2*y**2 - 11*y + 4. Let g be u(5). What is f(g)?
-36
Suppose 5*n - 3*p - 1509 = 0, 2*n - 5*p = -259 + 874. Suppose -30 = -295*g + n*g. Let o(i) = 2*i + 8. What is o(g)?
-4
Let t be (108/60)/((-2)/(-30)). Let o = -21 + t. Let p(f) = f**3 - 4*f**2 + 6*f + 6. Let g(d) = d**2 + 1. Let z(v) = 3*g(v) - p(v). Determine z(o).
-3
Let g = 575 + -580. Let u(c) = c - 1. Let h be u(4). Let o(f) = -3 + f**2 + 4 + h*f + 3. Calculate o(g).
14
Suppose -3*t = -2*s - 46, -4*s - 66 = -4*t - 6*s. Let q be (-4)/(-10) - 83/(-5). Let i = q - t. Let b(a) = -7*a + 1. Determine b(i).
-6
Let t(s) = -2*s - 3*s - 3 + s**2 + 11 + 0*s. Let u(i) = -i - 1. Let b(h) = t(h) + 2*u(h). What is b(5)?
-4
Suppose 2*g - 1 - 3 = 0. Let u be 4 + 6/(-3) + g. Let c(z) = 5*z - 2. Let f(y) = -2*y + 1. Let o(d) = -4*c(d) - 11*f(d). Calculate o(u).
5
Let p = 0 - 0. Suppose 3*q + 1 - 4 = p. Let a be (-5*q)/(6 + -7). Let z(x) = x**2 - 4*x + 1. What is z(a)?
6
Let z be (-1)/(2/4*1). Let m be z*(-6)/(-4) + 15. Suppose -2*y - 2*y = m. Let n(q) = -q**2 + 3. Determine n(y).
-6
Let n(k) be the first derivative of -k**2/2 + 10*k - 30. Let f be n(9). Let u(t) = -12*t**2. What is u(f)?
-12
Let y(s) = 2*s - 3. Let i(t) = 7*t + 93. Let m be i(-14). What is y(m)?
-13
Let p(n) = n + 1. Let c(a) = 2*a. Let b be c(-1). Let o be p(b). Let f(w) = -4*w**2 + w**2 - 10*w**3 + 1 + 3*w**2 + 2*w + w**2. What is f(o)?
10
Let n = -3 - -8. Suppose 9*h = 15*h - 18. Let w(u) = u + 3. Let z(g) = -g - 2. Let a(c) = h*z(c) + 2*w(c). Calculate a(n).
-5
Let j(u) = 6*u - 1. Let w be 2 + (-5)/(12 + -7). Determine j(w).
5
Let w(p) = 2*p**2 + p + 1. Let j = 14 - 13. Let v be (-4)/(-3)*(j - (-20)/(-8)). What is w(v)?
7
Let r(x) = -x**3 - 7*x**2 + x + 2. Let g(f) = f**3 + 15*f**2 - f - 22. Let o be (24/48)/(0 + 1/(-30)). Let q be g(o). Determine r(q).
-5
Let f(p) = 4*p**3 - 11*p**2 + 7*p + 10. Let o(k) = 21*k**3 - 57*k**2 + 37*k + 55. Let h(i) = 16*f(i) - 3*o(i). Suppose -2*b = -b - 4. What is h(b)?
-17
Let p(g) = 10*g + 34. Let o(i) = 19*i + 27*i + 11 - 43*i. Let f(t) = -7*o(t) + 2*p(t). Give f(-4).
-5
Let z(i) = -3*i + 12. Let h(c) = c**2 - 12*c - 5. Let n be h(12). Let a(o) = 3*o - 11. Let b(q) = n*a(q) - 4*z(q). Give b(5).
-8
Let q(o) be the first derivative of -o**6/360 - o**5/40 + o**3 - 15. Let p(z) be the third derivative of q(z). Calculate p(-3).
0
Let p = -72 + 78. Let f(o) = o**3 - 7*o**2 + 7*o - 3. Give f(p).
3
Let o(u) = -27*u**2 + 58*u + 1. Let i be o(2). Let m(p) = -p**3 + 9*p**2 + 2*p + 8. What is m(i)?
26
Let n(f) = -4*f - 3. Let t(x) = 3*x + 4. Let u(w) = 5*w + 7. Let j(b) = 11*t(b) - 6*u(b). Let q(l) = 5*j(l) + 4*n(l). Suppose -6*y + 6 = -3*y. Determine q(y).
-4
Let g(k) = -k**3 + 5*k**2 - k + 2. Let b = -1 + 12. Suppose -3*o + b = -4, v - 15 = -3*o. Suppose l - 6*l + 25 = v. Calculate g(l).
-3
Let c = -14 - -8. Let i(s) be the second derivative of -s**4/24 - s**3/3 - 3*s**2/2 + 4*s. Let o(r) be the first derivative of i(r). Determine o(c).
4
Let m(y) = 3*y**3 + 4*y**2 + 3*y + 1. Let q = 320 - 344. Let a(i) = -i**2 + 10*i + 1. Let l be a(7). Let h = l + q. Calculate m(h).
-13
Let q(y) = y**3 + 9*y**2 + 10*y + 24. Let t be q(-8). Let s(d) = 0*d**2 - 7*d**2 - 7*d - 2*d**3 - 2 + 3*d**3. Calculate s(t).
6
Let u be 376/80 - 3/(-10). Let v(k) = 2*k + 4. Give v(u).
14
Let q(o) = 3*o + 24. Suppose 535*h - 100 = 545*h. Determine q(h).
-6
Suppose l - 9 = -4*k + 3, -5*l = 4*k - 12. Let r(o) = 2 - 8 - k - 2 + 2*o. Determine r(8).
5
Let m(a) = a**3 - 7*a**2 + 5*a + 8. Let t be m(6). Let p(j) = 93 + 0*j**2 + 11*j - 92 + 3*j**2 - 13*j - j**3. What is p(t)?
1
Let b(g) be the third derivative of g**6/120 + g**5/30 + g**4/24 + g**3/6 - 6*g**2. Suppose 7*q - 5 = 2*q. Let t = q + -3. Give b(t).
-1
Let x(k) = k**2 - 8*k + 11. Let i be x(7). Suppose -q = 2*q - 33. Suppose 5*t + 14 = u, 3*u = 2*u + i*t + q. Let z(o) = 3*o. Calculate z(u).
-3
Let j be (1 - (-5 - -14))/(-2). Suppose j*a = -5*w - 24, -3*w - 6 = a + w. Let d(r) = r**3 + 6*r**2 + r + 3. Determine d(a).
-3
Let f(k) = k**3 - 2*k**2 + k - 4. Let v be (3/((-147)/(-28)))/(4/14). Suppose g + 3 = v*g. Calculate f(g).
8
Suppose -5*r = -3*b - b + 6, -2 = -b + r. Suppose b*f + 1 = -19. Let i(l) = l**3 + 6*l**2 + 4*l - 6. Give i(f).
-1
Let y(g) be the first derivative of g**4/4 + 3*g**2/2 - 13*g - 21. Let k(a) = 3*a**3 + 8*a - 39. Let v(f) = -3*k(f) + 8*y(f). Calculate v(0).
13
Let t(x) = -4*x - 36. Let s be t(-10). Let p(u) be the second derivative of -u**5/20 + u**4/4 + 5*u**3/6 - u**2 - 2*u. Give p(s).
2
Let k be 4*(10/(-8) + 2). Let j(p) = 0 - p**3 - p**2 + 0*p**2 + k. Suppose 7*n - 12 = -3*x + 4*n, 4*x - 8 = -2*n. Determine j(x).
3
Let y = -75 - -75. Suppose -4*l + 5*c = -9*l - 25, 5*c + 25 = y. Let t(m) = m - 4. Give t(l).
-4
Let o be 2 + 1*1/(-1). Let z(r) = 28*r - 13*r - o - 1 + 3. Suppose 20 = -2*j + 18. Determine z(j).
-14
Suppose -3*o = -2*q - 11, -5*q = 2*o - o + 2. Let h(t) be the third derivative of 2*t**2 + 7/24*t**4 + 0*t + 0 + 1/6*t**3. What is h(q)?
-6
Let c(o) be the second derivative of o**5/20 - 5*o**4/4 + o**3/3 + 6*o**2 - 23*o. Determine c(15).
42
Let s = -114 - -100. Let w(o) = 2*o + 29. Let r be w(s). Let t(f) = -7*f + 2. Let v(p) = 1. Let l(a) = -t(a) + 2*v(a). Give l(r).
7
Let h(i) = 36 - 2*i - 15 - 20 + 0*i. Determine h(-2).
5
Let k be 8/52 - (3072/(-52))/6. Suppose m - 4*p = -6*p - 11, -5*m - k = p. Let c(y) = -3*y**3 - y. What is c(m)?
4
Let q(l) = 3*l**3 + 6*l**2 + l + 14. Let d(i) = -i**3 - 2*i**2 - 5. Let v = -7 - -12. Suppose m = v*m - 12. Let z(n) = m*q(n) + 8*d(n). What is z(-2)?
-4
Let f(t) = -t - 6. Let z(r) = -r**2 + 6*r - 5. Let o be z(5). Let v = -11 - o. Let y = 4 + v. Give f(y).
1
Let h(j) = -3*j + 9. Let q(l) = -l - 4. Let p be q(-8). Let d(t) = 4*t - p*t - t**2 + 6 + 0*t**2. Let x be d(0). Calculate h(x).
-9
Let t(r) = 11*r**3 - 8*r - 28. Let